{"id":1213,"date":"2021-09-01T09:17:53","date_gmt":"2021-09-01T13:17:53","guid":{"rendered":"https:\/\/www.genesis.tec.br\/?page_id=1213"},"modified":"2021-09-01T09:22:28","modified_gmt":"2021-09-01T13:22:28","slug":"representantes-comerciais","status":"publish","type":"page","link":"https:\/\/www.genesis.tec.br\/?page_id=1213","title":{"rendered":"REPRESENTANTES"},"content":{"rendered":"<h1><span style=\"color: #ff6600;\">Estados com representantes\/clientes credenciados:<\/span><\/h1>\n<ul>\n<li><strong><span style=\"color: #808000;\">Minas Gerais<\/span><\/strong><\/li>\n<li><strong><span style=\"color: #808000;\">Mato Grosso<\/span><\/strong><\/li>\n<li><strong><span style=\"color: #808000;\">Mato Grosso do Sul<\/span><\/strong><\/li>\n<li><strong><span style=\"color: #808000;\">Paran\u00e1<\/span><\/strong><\/li>\n<li><strong><span style=\"color: #808000;\">Santa Catarina<\/span><\/strong><\/li>\n<li><strong><span style=\"color: #808000;\">Amazonas<\/span><\/strong><\/li>\n<li><strong><span style=\"color: #808000;\">Par\u00e1<\/span><\/strong><\/li>\n<li><strong><span style=\"color: #808000;\">S\u00e3o Paulo<\/span><\/strong><\/li>\n<li><strong><span style=\"color: #808000;\">Rio Grande do Sul<\/span><\/strong><\/li>\n<\/ul>\n<p>&nbsp;<\/p>\n<p>&nbsp;<\/p>\n<p>&nbsp;<\/p>\n","protected":false},"excerpt":{"rendered":"<p>Estados com representantes\/clientes credenciados: Minas Gerais Mato Grosso Mato Grosso do Sul Paran\u00e1 Santa Catarina Amazonas Par\u00e1 S\u00e3o Paulo Rio Grande do Sul &nbsp; &nbsp; &nbsp;<\/p>\n","protected":false},"author":1,"featured_media":0,"parent":0,"menu_order":0,"comment_status":"closed","ping_status":"closed","template":"","meta":{"_monsterinsights_skip_tracking":false,"_monsterinsights_sitenote_active":false,"_monsterinsights_sitenote_note":"","_monsterinsights_sitenote_category":0},"yoast_head":"<!-- This site is optimized with the Yoast SEO Premium plugin v15.7 - https:\/\/yoast.com\/wordpress\/plugins\/seo\/ -->\n<title>REPRESENTANTES &mdash; G\u00eanesis Tecnologia e Inova\u00e7\u00e3o<\/title>\n<meta name=\"robots\" content=\"index, follow, max-snippet:-1, max-image-preview:large, max-video-preview:-1\" \/>\n<link rel=\"canonical\" href=\"https:\/\/www.genesis.tec.br\/?page_id=1213\" \/>\n<meta property=\"og:locale\" content=\"pt_BR\" \/>\n<meta property=\"og:type\" content=\"article\" \/>\n<meta property=\"og:title\" content=\"REPRESENTANTES &mdash; G\u00eanesis Tecnologia e Inova\u00e7\u00e3o\" \/>\n<meta property=\"og:description\" content=\"Estados com representantes\/clientes credenciados: Minas Gerais Mato Grosso Mato Grosso do Sul Paran\u00e1 Santa Catarina Amazonas Par\u00e1 S\u00e3o Paulo Rio Grande do Sul &nbsp; &nbsp; &nbsp;\" \/>\n<meta property=\"og:url\" content=\"https:\/\/www.genesis.tec.br\/?page_id=1213\" \/>\n<meta property=\"og:site_name\" content=\"G\u00eanesis Tecnologia e Inova\u00e7\u00e3o\" \/>\n<meta property=\"article:modified_time\" content=\"2021-09-01T13:22:28+00:00\" \/>\n<meta name=\"twitter:card\" content=\"summary_large_image\" \/>\n<meta name=\"twitter:label1\" content=\"Est. tempo de leitura\">\n\t<meta name=\"twitter:data1\" content=\"1 minuto\">\n<script type=\"application\/ld+json\" class=\"yoast-schema-graph\">{\"@context\":\"https:\/\/schema.org\",\"@graph\":[{\"@type\":\"Organization\",\"@id\":\"https:\/\/www.genesis.tec.br\/#organization\",\"name\":\"G\\u00eanesis Tecnologia e Inova\\u00e7\\u00e3o\",\"url\":\"https:\/\/www.genesis.tec.br\/\",\"sameAs\":[],\"logo\":{\"@type\":\"ImageObject\",\"@id\":\"https:\/\/www.genesis.tec.br\/#logo\",\"inLanguage\":\"pt-BR\",\"url\":\"https:\/\/www.genesis.tec.br\/wp-content\/uploads\/revslider\/slider-2\/logo-genesis-home-440.png\",\"width\":440,\"height\":174,\"caption\":\"G\\u00eanesis Tecnologia e Inova\\u00e7\\u00e3o\"},\"image\":{\"@id\":\"https:\/\/www.genesis.tec.br\/#logo\"}},{\"@type\":\"WebSite\",\"@id\":\"https:\/\/www.genesis.tec.br\/#website\",\"url\":\"https:\/\/www.genesis.tec.br\/\",\"name\":\"G\\u00eanesis Tecnologia e Inova\\u00e7\\u00e3o\",\"description\":\"A empresa leva servi\\u00e7os especializados com tecnologia de \\u00faltima gera\\u00e7\\u00e3o.\",\"publisher\":{\"@id\":\"https:\/\/www.genesis.tec.br\/#organization\"},\"potentialAction\":[{\"@type\":\"SearchAction\",\"target\":\"https:\/\/www.genesis.tec.br\/?s={search_term_string}\",\"query-input\":\"required name=search_term_string\"}],\"inLanguage\":\"pt-BR\"},{\"@type\":\"WebPage\",\"@id\":\"https:\/\/www.genesis.tec.br\/?page_id=1213#webpage\",\"url\":\"https:\/\/www.genesis.tec.br\/?page_id=1213\",\"name\":\"REPRESENTANTES &mdash; G\\u00eanesis Tecnologia e Inova\\u00e7\\u00e3o\",\"isPartOf\":{\"@id\":\"https:\/\/www.genesis.tec.br\/#website\"},\"datePublished\":\"2021-09-01T13:17:53+00:00\",\"dateModified\":\"2021-09-01T13:22:28+00:00\",\"inLanguage\":\"pt-BR\",\"potentialAction\":[{\"@type\":\"ReadAction\",\"target\":[\"https:\/\/www.genesis.tec.br\/?page_id=1213\"]}]}]}<\/script>\n<!-- \/ Yoast SEO Premium plugin. -->","_links":{"self":[{"href":"https:\/\/www.genesis.tec.br\/index.php?rest_route=\/wp\/v2\/pages\/1213"}],"collection":[{"href":"https:\/\/www.genesis.tec.br\/index.php?rest_route=\/wp\/v2\/pages"}],"about":[{"href":"https:\/\/www.genesis.tec.br\/index.php?rest_route=\/wp\/v2\/types\/page"}],"author":[{"embeddable":true,"href":"https:\/\/www.genesis.tec.br\/index.php?rest_route=\/wp\/v2\/users\/1"}],"replies":[{"embeddable":true,"href":"https:\/\/www.genesis.tec.br\/index.php?rest_route=%2Fwp%2Fv2%2Fcomments&post=1213"}],"version-history":[{"count":3,"href":"https:\/\/www.genesis.tec.br\/index.php?rest_route=\/wp\/v2\/pages\/1213\/revisions"}],"predecessor-version":[{"id":1218,"href":"https:\/\/www.genesis.tec.br\/index.php?rest_route=\/wp\/v2\/pages\/1213\/revisions\/1218"}],"wp:attachment":[{"href":"https:\/\/www.genesis.tec.br\/index.php?rest_route=%2Fwp%2Fv2%2Fmedia&parent=1213"}],"curies":[{"name":"wp","href":"https:\/\/api.w.org\/{rel}","templated":true}]}}